t is the greatest common divisor of 1354528 and 18752?
32
Calculate the greatest common divisor of 9394 and 2351916.
854
Calculate the greatest common factor of 4967124 and 495420.
4308
What is the greatest common factor of 5796320 and 102?
34
What is the greatest common divisor of 96 and 3966162?
6
Calculate the greatest common factor of 17646 and 26704626.
1038
What is the highest common divisor of 1099306 and 338?
26
What is the greatest common factor of 912 and 552682944?
912
Calculate the highest common factor of 2184 and 35528584.
728
What is the greatest common factor of 243 and 2023557714?
243
What is the greatest common factor of 706264 and 455?
13
Calculate the highest common divisor of 756412 and 1070591.
1489
Calculate the greatest common divisor of 5337 and 12753.
9
Calculate the greatest common divisor of 22294 and 281728.
142
Calculate the greatest common factor of 48 and 1050690.
6
Calculate the greatest common factor of 232668095 and 7755.
2585
Calculate the highest common factor of 6887232 and 84.
12
What is the highest common divisor of 51 and 5372013?
3
Calculate the greatest common factor of 8976 and 1199639.
17
Calculate the greatest common divisor of 1716 and 4391916.
12
What is the highest common factor of 2010 and 85288722?
402
What is the greatest common factor of 8341316 and 94856?
668
Calculate the greatest common factor of 873 and 3982529.
97
Calculate the greatest common factor of 94025 and 3650.
25
Calculate the highest common divisor of 14200 and 396464.
568
What is the greatest common factor of 9617 and 138414?
59
Calculate the highest common factor of 210 and 933090.
30
Calculate the greatest common divisor of 6252197 and 9443.
133
Calculate the highest common factor of 4560 and 690992.
304
Calculate the greatest common divisor of 192083 and 7055.
17
Calculate the highest common factor of 188 and 153361.
47
What is the greatest common divisor of 136004 and 1600588?
484
What is the highest common factor of 186 and 33812382?
186
What is the highest common factor of 3818 and 2360437?
83
What is the highest common factor of 129483 and 78?
3
Calculate the greatest common factor of 5 and 71327310.
5
Calculate the greatest common factor of 37731804 and 264.
132
What is the highest common divisor of 103878 and 2193444?
522
Calculate the highest common divisor of 451 and 11056375.
11
What is the highest common divisor of 95011336 and 95438?
5614
Calculate the highest common divisor of 133 and 16828.
7
Calculate the highest common factor of 112083255 and 3933.
207
What is the highest common factor of 4758 and 97050512?
1586
Calculate the greatest common factor of 296388 and 2064.
12
Calculate the greatest common factor of 660 and 2462220.
60
What is the greatest common divisor of 2351956 and 1916?
4
What is the highest common factor of 11498 and 306094007?
5749
What is the greatest common factor of 615836547 and 783?
783
Calculate the highest common factor of 2583 and 118006077.
861
Calculate the greatest common factor of 1386834 and 1776.
222
What is the greatest common factor of 235800 and 2324988?
4716
Calculate the greatest common divisor of 6123 and 34205613.
39
Calculate the greatest common divisor of 81837605 and 15505.
2215
Calculate the greatest common divisor of 19681515 and 16520.
2065
What is the greatest common factor of 1546100 and 5900?
100
Calculate the highest common divisor of 194999 and 24727.
313
What is the greatest common factor of 208890 and 125730?
990
Calculate the highest common divisor of 77883120 and 4488.
408
What is the greatest common factor of 3555892 and 345?
23
Calculate the highest common divisor of 22 and 5207708.
22
Calculate the greatest common factor of 5823 and 621669303.
5823
Calculate the highest common factor of 203445 and 40.
5
What is the highest common factor of 84 and 3173870?
14
What is the greatest common factor of 41286249 and 6?
3
Calculate the greatest common factor of 1397 and 321772.
11
Calculate the greatest common factor of 2599715 and 395.
5
What is the greatest common factor of 200640427 and 4407?
1469
Calculate the highest common divisor of 704 and 2927168.
64
Calculate the greatest common factor of 551602138 and 122.
122
Calculate the greatest common factor of 1332 and 3856288.
148
What is the greatest common factor of 18154974 and 56754?
6306
Calculate the highest common divisor of 1335 and 84158489.
89
Calculate the greatest common divisor of 284219726 and 14.
14
What is the greatest common factor of 1670998 and 177?
59
Calculate the highest common factor of 139616 and 928.
32
What is the greatest common divisor of 33 and 23742231?
3
Calculate the greatest common factor of 2748 and 131675.
229
What is the greatest common divisor of 3874725 and 612?
153
What is the greatest common factor of 57456 and 3467394?
378
Calculate the highest common divisor of 227 and 11803092.
227
Calculate the highest common factor of 525 and 635850.
75
What is the highest common factor of 684306 and 164556?
126
What is the greatest common factor of 17480 and 40423696?
184
Calculate the highest common divisor of 1138864 and 1133492.
5372
What is the greatest common divisor of 12637471 and 6314?
3157
What is the greatest common factor of 127 and 49762283?
127
What is the highest common divisor of 3222 and 210374046?
3222
What is the highest common factor of 1954 and 428888345?
977
What is the highest common factor of 545806530 and 45?
45
Calculate the highest common factor of 32 and 15072328.
8
What is the greatest common factor of 824 and 30823162?
206
What is the greatest common factor of 65137662 and 342?
342
What is the highest common factor of 52200981 and 252?
63
What is the greatest common divisor of 99036 and 5544182?
1834
Calculate the greatest common factor of 34950006 and 364.
182
What is the greatest common factor of 8744685 and 11685?
615
What is the greatest common factor of 1849 and 19676843?
43
What is the greatest common divisor of 2965800 and 26232501?
14829
Calculate the highest common factor of 8760 and 3313230.
30
What is the greatest common divisor of 1940413 and 5037?
73
Calculate the highest common factor of 3592 and 47488.
8
Calculate the greatest common divisor of 12165 and 111889615.
4055
Calculate the greatest common divisor of 1339 and 7709.
13
Calculate the greatest common factor of 277824 and 5232.
48
What is the highest common divisor of 12401124 and 516?
12
What is the greatest common factor of 2974 and 7228307?
1487
Calculate the greatest common divisor of 20135313 and 243.
9
Calculate the greatest common factor of 2821 and 808001701.
403
Calculate the greatest common factor of 304 and 12100074.
38
Calculate the highest common divisor of 1794734 and 12216.
1018
Calculate the greatest common factor of 740363937 and 369.
123
Calculate the highest common factor of 5301975 and 4200.
525
Calculate the highest common factor of 236150551 and 98.
49
Calculate the highest common factor of 20223250 and 35514.
3946
What is the greatest common factor of 2178432 and 9333?
549
Calculate the greatest common divisor of 4295 and 138085.
5
Calculate the greatest common divisor of 371456 and 2906353.
1451
What is the highest common factor of 23 and 25137183?
23
What is the highest common divisor of 3711239 and 511?
7
Calculate the highest common divisor of 1304534 and 1386.
154
What is the highest common divisor of 5326175 and 1387?
19
What is the greatest common factor of 95102678 and 17941?
2563
Calculate the highest common factor of 103033799 and 33.
11
What is the highest common divisor of 222207 and 1581?
51
Calculate the greatest common factor of 103860 and 267.
3
Calculate the highest common divisor of 57120 and 70752.
96
What is the highest common divisor of 15998 and 7866?
38
What is the highest common divisor of 529472 and 192975998?
16546
Calculate the greatest common factor of 1135 and 8960.
5
Calculate the highest common factor of 2433520 and 79040.
1520
Calculate the greatest common divisor of 15375107 and 96503.
3113
Calculate the greatest common factor of 364 and 848731.
13
What is the greatest common divisor of 3027896 and 43540?
1244
What is the greatest common factor of 725931 and 5?
1
What is the highest common divisor of 31084200 and 56?
56
Ca